 = -h + u*j, h = -j + 3. What are the prime factors of h?
2
Let s(u) = -4*u**2 - 5*u - 10. Let v(x) = -9*x**2 - 9*x - 21. Let b(r) = 7*s(r) - 3*v(r). List the prime factors of b(-5).
2
Let x = 11 + -8. Suppose -2*h - 5 = x*h. What are the prime factors of h/(-3)*(-12)/(-2)?
2
Let p = -6 + 51. Suppose 12 - p = -3*t. What are the prime factors of t?
11
Let w be (-3)/(18/(-4))*3. Suppose -6 = o - 5*t, 2*o - t - w = o. Let m = 15 - o. List the prime factors of m.
11
Suppose 0*a + 339 = 5*a + 4*m, m + 267 = 4*a. Let b = -39 + a. Suppose 5*i = i + b. What are the prime factors of i?
7
What are the prime factors of ((-39)/(-2))/(4/8)?
3, 13
Let c be -1*(2 - (-1 - -3)). Suppose c*w = 4*w. List the prime factors of -9*(1 - w)/(-3).
3
Let f be (-3)/(-6)*2 - -11. Let c = f + -5. Let y = -4 + c. List the prime factors of y.
3
Let h be 3/2 - (-21)/14. Suppose 0 = h*x - 0*x - 15. What are the prime factors of x?
5
Let l(b) = 9*b**2 + 25*b + 9. Let u(d) = -5*d**2 - 13*d - 5. Let f(r) = -4*l(r) - 7*u(r). What are the prime factors of f(-7)?
13
Suppose -69 = -2*h + c, 40 = 3*h - 3*c - 59. Suppose -n = n - h. Suppose 2*j + 0*j = n. What are the prime factors of j?
3
Let r = 3 + 4. Suppose 26 = r*o - 5*o. Let j = 4 + o. List the prime factors of j.
17
Let w be 2 - (3 + -2)/(-1). Suppose 0 = 4*t + w*x - 52, 2*t + 65 = 7*t - x. What are the prime factors of t?
13
Let a be -15*2*(-2)/12. Suppose 0*y + w + 7 = 4*y, -a*w = y - 7. Suppose -y*n - 2*n = -92. What are the prime factors of n?
23
Let f = 133 + -88. List the prime factors of f.
3, 5
Suppose 4*d - 12 = -4*p, -3*p + 3*d + 3 = -0*d. Let a be p - (0 - 2/2). Suppose -f - 13 = a*u - 5*u, -u = 3*f - 17. List the prime factors of u.
2
What are the prime factors of 30/4*(4 + 40/(-25))?
2, 3
What are the prime factors of 22/1 - (-1)/(-1)?
3, 7
Let n = -5 - -9. Suppose -3*b = -5*c - 55, 4*b - 6*b - n*c = -22. Let p = 24 - b. What are the prime factors of p?
3
Let q = -20 - -27. What are the prime factors of q?
7
Suppose -2*x - 6 = -4*u, 2*x + x = 4*u - 1. Let z(l) = 2 + 7*l + 0 + 0 - l**2. List the prime factors of z(x).
2, 3
What are the prime factors of (-2 - 1) + 120/2?
3, 19
Suppose s + 4*w + 6 = 3*s, 4*w + 45 = 5*s. What are the prime factors of s?
13
Suppose 5*n + q = -82, 0 = -0*q + q - 3. Let k(w) = -34*w**3 + w**2 - w. Let s be k(1). Let l = n - s. List the prime factors of l.
17
Suppose 203 = -z - 62. Let c = -161 - z. What are the prime factors of c/10 - (-16)/(-40)?
2, 5
Let r = -5 + -2. Let u = r - -11. What are the prime factors of u?
2
Let b(f) = 26*f + 2. What are the prime factors of b(4)?
2, 53
Suppose -4*t = -z + 16, -3 = 2*z + z + 5*t. Suppose -z*d = -4 - 8. Suppose -2 = -4*x + d*x. List the prime factors of x.
2
Suppose 0*a = 4*a - 100. Let v = a + -14. List the prime factors of v.
11
Suppose -m - m + 4 = 0, -2*l = 2*m - 10. Suppose -l = 3*v - 2*v. Let h = v + 8. What are the prime factors of h?
5
Suppose -2*a + 18 - 3 = 3*p, -p + 5 = 0. Suppose 4*k = 9 - 1, 3*y + 3*k - 39 = a. What are the prime factors of y?
11
Let x(r) = 4*r**2 - 5*r - 2. List the prime factors of x(-2).
2, 3
Let s be 8/28 + (-99)/(-21). Suppose 2*y - 5*v + 3*v = 4, 2*y + s*v + 24 = 0. Let g(x) = -x**3 - x**2 - 2*x - 2. List the prime factors of g(y).
2, 3
Let a(g) = -2*g + 5. Let l = 4 - 11. What are the prime factors of a(l)?
19
Let p(b) = b**3 + 6*b**2 + 4*b - 3. Let g be p(-5). Suppose -43 + 0 = -w - 4*j, -j + 58 = g*w. What are the prime factors of w?
3
Suppose -2*g + 100 = 4*k, -4*g = -2*g - 4. Let y = 40 - k. List the prime factors of y.
2
Suppose 2*t - t - 4 = 0. Suppose -9 = 3*j - t*j. List the prime factors of j.
3
Suppose 2*f - 21 = 5*f. Let u(h) = -h**2 - 7*h + 5. Let j be u(f). Let b(k) = -k + 10. List the prime factors of b(j).
5
What are the prime factors of (-4)/(-20) - 556/(-20)?
2, 7
Let s = 3 - 3. Suppose s*r - 5*r + 30 = 0. Suppose -r*x = -x - 45. List the prime factors of x.
3
Let f(v) = v**3 - 5*v**2 + 2*v - 3. Let a(m) = -m. Let j be a(-1). Let t be 2 - (0 + -3)*j. What are the prime factors of f(t)?
7
Let s(c) = 2*c**2 + 2*c - 5. List the prime factors of s(3).
19
Suppose -2*s - 12 = -4*s. Let q(a) = a**2 - 4*a + 7. What are the prime factors of q(s)?
19
Let b(d) = d**2 + d + 17. What are the prime factors of b(7)?
73
List the prime factors of (-43)/(-1) - 1/(-1).
2, 11
Let l be 806/39 - (-2)/(-3). Suppose -5*q + r + l = 0, -q + r + 2 = -2*q. What are the prime factors of q?
3
Suppose -4*k + 236 = -144. List the prime factors of k.
5, 19
Let a(d) = -6*d - 4. What are the prime factors of a(-4)?
2, 5
Let z(y) = 2*y + y**2 - 2*y**2 - 4 + y + 3*y**2. Suppose 2*a - 3 = -9. What are the prime factors of z(a)?
5
Let a = 3 - -3. Suppose 0*u + 3*u = -3*j - 3, -a = 2*u. List the prime factors of j.
2
Let c be ((-1)/(-2))/((-1)/16). Let s = 15 + c. Let y = -3 + s. List the prime factors of y.
2
What are the prime factors of (-31)/4*(-20 - 8)?
7, 31
Let q = -75 - -168. List the prime factors of q.
3, 31
Suppose 2*a - 200 = -2*a. What are the prime factors of a?
2, 5
Suppose 2*u + 0*t - 3*t - 37 = 0, 0 = 4*u - t - 99. What are the prime factors of u?
2, 13
Let c(y) = -y**3 - 5*y**2 - y - 2. Let u be c(-5). Suppose 0 = -f - 1 + u. Suppose 0 = f*t - 40 + 10. List the prime factors of t.
3, 5
Let d(y) = 3*y**2 + y. Let r(b) = -2*b**3 - b**2 + 2*b + 1. Let z be r(-2). Let q be 6/z + (-2)/(-6). List the prime factors of d(q).
2
Let b(r) = -3*r**3. Let s be b(-1). Let i be -2 - 3*(-2)/3. Suppose 3*q = -s, 2*c = -i*c - 2*q + 30. List the prime factors of c.
2
Suppose 4*n - 199 - 245 = 0. List the prime factors of n.
3, 37
Let u = -18 - -56. List the prime factors of u.
2, 19
Let h(c) = -c + 7. What are the prime factors of h(-8)?
3, 5
List the prime factors of 12/(-1)*(-24)/4.
2, 3
Suppose 2 = -4*p + 10, -5*p = 4*y - 122. List the prime factors of y.
2, 7
Let h(x) = x**2 + 3*x + 33. What are the prime factors of h(-6)?
3, 17
Let j(c) be the first derivative of 4*c**3 - c**2 - c + 3. List the prime factors of j(-1).
13
Suppose -6*f = -4*f - 360. What are the prime factors of f?
2, 3, 5
Let x(l) = -l**3 + l**2. Let b be x(1). Suppose i = 2*q - 3*i, b = 2*q + 2*i + 12. Let w = q + 6. What are the prime factors of w?
2
Let d be (-2)/(3 + 19/(-7)). Let u = -1 - d. List the prime factors of u.
2, 3
Suppose -5*h - 2*c = 3*c - 5, -5*h + 14 = 2*c. Suppose n = 3*n + 5*g - 39, 87 = h*n + g. What are the prime factors of n?
2, 11
Let g(n) = n**3 - n**2 - 2*n + 38. List the prime factors of g(0).
2, 19
Let c = -45 + 65. What are the prime factors of c?
2, 5
Suppose 5*b - 10 + 0 = 0. What are the prime factors of (-6)/(-3)*11/b?
11
Suppose 4*t + 0*t - 16 = 0. Suppose -2*s + t*f + f - 6 = 0, 0 = 4*s - 4*f. What are the prime factors of s?
2
Let g = -77 + 85. What are the prime factors of g?
2
Suppose -2*v + 7*v - 4*f = 492, v - 4*f = 108. What are the prime factors of v?
2, 3
Suppose 2*h = 5*g - 29, -3*h = 3*g - 5 - 4. Suppose -i = -g*n - 3*i + 100, n + 3*i = 7. List the prime factors of n.
2, 11
Let h(a) = -a**3 + 15*a**2 + 4*a - 6. What are the prime factors of h(15)?
2, 3
Let r(s) be the third derivative of -s**5/60 - s**4/3 - 5*s**3/6 - s**2. Suppose -5*k - 3*n = 26, 3*n - 4 = -k - 2. What are the prime factors of r(k)?
2
Suppose 6*v - 474 = -66. What are the prime factors of v?
2, 17
Let a = -28 - -30. Suppose -4*i - 11 = -4*o + 17, 0 = 5*i + 20. List the prime factors of (21 - (a - o))/2.
11
Suppose 0 = 5*b - 15, -r = 2*r - 5*b + 3. Suppose t - r*t - 9 = 0. List the prime factors of 21*t*(-3)/27.
7
Let b(u) = 9*u - 3. Let i be 5/(10/4) - 0. Let y be i/(-7) + 32/14. List the prime factors of b(y).
3, 5
Suppose 4 + 10 = 2*q. Let r = -1 - -3. Suppose 4*s = -t + 59, -r*s = 3*t + 2*t - q. What are the prime factors of s?
2
Suppose -3*h = 2*h - 135. Let d = -14 + h. List the prime factors of d.
13
Suppose 4*m - 2 - 30 = 0. Suppose -5*p + 73 = -5*o + m, p = 4. What are the prime factors of (-1)/3 - 66/o?
7
Let j(w) = -w**2 - w + 4. Let h be j(0). Suppose -h*k + 8*k - 248 = 0. Let o = k + -44. List the prime factors of o.
2, 3
Let j be (-642)/(-4)*(-6)/(-9). Suppose -311 + j = -4*k. List the prime factors of 4/6*k/2.
17
What are the prime factors of 158/10 + (-7)/(-35)?
2
Suppose 3*s - 486 = -4*n, s - 833 = -4*s + n. List the prime fa